{"id":16,"date":"2026-05-12T15:32:01","date_gmt":"2026-05-12T13:32:01","guid":{"rendered":"https:\/\/pronet.xyu.pl\/index.php\/telefon\/"},"modified":"2026-05-12T15:33:15","modified_gmt":"2026-05-12T13:33:15","slug":"telefon","status":"publish","type":"page","link":"https:\/\/pronet.xyu.pl\/index.php\/telefon\/","title":{"rendered":"Telefon"},"content":{"rendered":"<h1 class=\"wp-block-heading\">Telefon kom\u00f3rkowy<\/h1><p>Abonament kom\u00f3rkowy z nielimitowanymi rozmowami, SMS\/MMS i pakietem internetu mobilnego. Dobierz telefon jako dodatek do internetu lub samodzieln\u0105 us\u0142ug\u0119.<\/p>","protected":false},"excerpt":{"rendered":"<p>Telefon kom\u00f3rkowy Abonament kom\u00f3rkowy z nielimitowanymi rozmowami, SMS\/MMS i pakietem internetu mobilnego. Dobierz telefon jako dodatek do internetu lub samodzieln\u0105 us\u0142ug\u0119.<\/p>\n","protected":false},"author":1,"featured_media":0,"parent":0,"menu_order":0,"comment_status":"closed","ping_status":"closed","template":"","meta":{"give_campaign_id":0,"footnotes":""},"class_list":["post-16","page","type-page","status-publish","hentry"],"campaignId":"","_links":{"self":[{"href":"https:\/\/pronet.xyu.pl\/index.php\/wp-json\/wp\/v2\/pages\/16","targetHints":{"allow":["GET"]}}],"collection":[{"href":"https:\/\/pronet.xyu.pl\/index.php\/wp-json\/wp\/v2\/pages"}],"about":[{"href":"https:\/\/pronet.xyu.pl\/index.php\/wp-json\/wp\/v2\/types\/page"}],"author":[{"embeddable":true,"href":"https:\/\/pronet.xyu.pl\/index.php\/wp-json\/wp\/v2\/users\/1"}],"replies":[{"embeddable":true,"href":"https:\/\/pronet.xyu.pl\/index.php\/wp-json\/wp\/v2\/comments?post=16"}],"version-history":[{"count":1,"href":"https:\/\/pronet.xyu.pl\/index.php\/wp-json\/wp\/v2\/pages\/16\/revisions"}],"predecessor-version":[{"id":38,"href":"https:\/\/pronet.xyu.pl\/index.php\/wp-json\/wp\/v2\/pages\/16\/revisions\/38"}],"wp:attachment":[{"href":"https:\/\/pronet.xyu.pl\/index.php\/wp-json\/wp\/v2\/media?parent=16"}],"curies":[{"name":"wp","href":"https:\/\/api.w.org\/{rel}","templated":true}]}}