{"id":19,"date":"2026-05-12T16:55:34","date_gmt":"2026-05-12T14:55:34","guid":{"rendered":"https:\/\/pronet.xyu.pl\/index.php\/pomoc-faq\/"},"modified":"2026-05-12T16:58:09","modified_gmt":"2026-05-12T14:58:09","slug":"pomoc-faq","status":"publish","type":"page","link":"https:\/\/pronet.xyu.pl\/index.php\/pomoc-faq\/","title":{"rendered":"Pomoc i FAQ"},"content":{"rendered":"<h1>Pomoc i FAQ<\/h1>\n<h2>Brak internetu &#8211; co robi\u0107?<\/h2>\n<p>Sprawd\u017a zasilanie urz\u0105dze\u0144, przewody, router, terminal ONT lub zasilacz POE. Je\u015bli korzystasz z Wi-Fi, upewnij si\u0119, \u017ce urz\u0105dzenie \u0142\u0105czy si\u0119 z w\u0142a\u015bciw\u0105 sieci\u0105.<\/p>\n<h2>Problemy z TV<\/h2>\n<p>Sprawd\u017a dekoder, terminal ONT, przew\u00f3d HDMI, \u017ar\u00f3d\u0142o sygna\u0142u w telewizorze oraz baterie w pilocie.<\/p>\n<h2>Zbyt wolny internet?<\/h2>\n<p>Przetestuj po\u0142\u0105czenie przewodowe, sprawd\u017a liczb\u0119 aktywnych urz\u0105dze\u0144 i zasi\u0119g Wi-Fi. Przy wi\u0119kszym domu pomocny mo\u017ce by\u0107 dodatkowy punkt dost\u0119powy.<\/p>\n<h2>Chcesz zg\u0142osi\u0107 awari\u0119?<\/h2>\n<p>Podaj numer klienta, dane kontaktowe i kr\u00f3tki opis problemu. Dzi\u0119ki temu szybciej pomo\u017cemy.<\/p>\n","protected":false},"excerpt":{"rendered":"<p>Pomoc i FAQ Brak internetu &#8211; co robi\u0107? Sprawd\u017a zasilanie urz\u0105dze\u0144, przewody, router, terminal ONT lub zasilacz POE. Je\u015bli korzystasz z Wi-Fi, upewnij si\u0119, \u017ce urz\u0105dzenie \u0142\u0105czy si\u0119 z w\u0142a\u015bciw\u0105 sieci\u0105. Problemy z TV Sprawd\u017a dekoder, terminal ONT, przew\u00f3d HDMI, \u017ar\u00f3d\u0142o sygna\u0142u w telewizorze oraz baterie w pilocie. Zbyt wolny internet? Przetestuj po\u0142\u0105czenie przewodowe, sprawd\u017a [&hellip;]<\/p>\n","protected":false},"author":1,"featured_media":0,"parent":0,"menu_order":0,"comment_status":"closed","ping_status":"closed","template":"","meta":{"footnotes":""},"class_list":["post-19","page","type-page","status-publish","hentry"],"_links":{"self":[{"href":"https:\/\/pronet.xyu.pl\/index.php\/wp-json\/wp\/v2\/pages\/19","targetHints":{"allow":["GET"]}}],"collection":[{"href":"https:\/\/pronet.xyu.pl\/index.php\/wp-json\/wp\/v2\/pages"}],"about":[{"href":"https:\/\/pronet.xyu.pl\/index.php\/wp-json\/wp\/v2\/types\/page"}],"author":[{"embeddable":true,"href":"https:\/\/pronet.xyu.pl\/index.php\/wp-json\/wp\/v2\/users\/1"}],"replies":[{"embeddable":true,"href":"https:\/\/pronet.xyu.pl\/index.php\/wp-json\/wp\/v2\/comments?post=19"}],"version-history":[{"count":1,"href":"https:\/\/pronet.xyu.pl\/index.php\/wp-json\/wp\/v2\/pages\/19\/revisions"}],"predecessor-version":[{"id":41,"href":"https:\/\/pronet.xyu.pl\/index.php\/wp-json\/wp\/v2\/pages\/19\/revisions\/41"}],"wp:attachment":[{"href":"https:\/\/pronet.xyu.pl\/index.php\/wp-json\/wp\/v2\/media?parent=19"}],"curies":[{"name":"wp","href":"https:\/\/api.w.org\/{rel}","templated":true}]}}